{"id":484,"date":"2024-05-13T06:29:48","date_gmt":"2024-05-13T06:29:48","guid":{"rendered":"https:\/\/lzo-im-norden.de\/?page_id=484"},"modified":"2024-05-13T06:29:48","modified_gmt":"2024-05-13T06:29:48","slug":"olafur-eliasson","status":"publish","type":"page","link":"https:\/\/lzo-im-norden.de\/?page_id=484","title":{"rendered":"\u00d3lafur El\u00edasson"},"content":{"rendered":"\n<h1 class=\"wp-block-heading has-text-align-center\">\u00d3LAFUR EL\u00cdASSON<\/h1>\n\n\n\n<div class=\"wp-block-columns is-layout-flex wp-container-core-columns-is-layout-28f84493 wp-block-columns-is-layout-flex\">\n<div class=\"wp-block-column is-layout-flow wp-block-column-is-layout-flow\" style=\"flex-basis:25%\">\n<figure class=\"wp-block-image size-full\"><img loading=\"lazy\" decoding=\"async\" width=\"150\" height=\"187\" src=\"https:\/\/lzo-im-norden.de\/wp-content\/uploads\/2024\/05\/port-36.jpg\" alt=\"\" class=\"wp-image-388\"\/><\/figure>\n<\/div>\n\n\n\n<div class=\"wp-block-column is-layout-flow wp-block-column-is-layout-flow\" style=\"flex-basis:75%\">\n<figure class=\"wp-block-table is-style-stripes\"><table><tbody><tr><td>* 1967<\/td><td>in Kopenhagen, aufgewachsen in Island und D\u00e4nemark<\/td><\/tr><tr><td>1989 \u2013 1995<\/td><td>Studium an der K\u00f6niglich D\u00e4nischen Kunstakademie Kopenhagen<\/td><\/tr><tr><td>2003<\/td><td>Teilnahme an der Biennale Venedig<\/td><\/tr><tr><td>seit 2003<\/td><td>weltweit Ausstellungen und Projekte, u.a. Tate Modern, London; Museum of Modern Art, New York<\/td><\/tr><tr><td>seit 2008<\/td><td>Professor an der Universit\u00e4t der K\u00fcnste (UdK) Berlin<\/td><\/tr><tr><td colspan=\"2\">zahlreiche Auszeichnungen und Preise<\/td><\/tr><tr><td colspan=\"2\">lebt in Berlin und Kopenhagen.<\/td><\/tr><tr><td colspan=\"2\"><a href=\"http:\/\/www.olafureliasson.de\/\" target=\"_blank\" rel=\"noreferrer noopener\">www.olafureliasson.de<\/a><\/td><\/tr><\/tbody><\/table><\/figure>\n<\/div>\n<\/div>\n\n\n\n<div style=\"height:50px\" aria-hidden=\"true\" class=\"wp-block-spacer\"><\/div>\n\n\n\n<h1 class=\"wp-block-heading has-text-align-center\">Werke<\/h1>\n\n\n<style id=\"wp_carousel_dynamic_css429\">.sp-wp-carousel-free-id-429.wpcf-fancybox-wrapper .fancybox-bg{background: #0b0b0b;opacity: 0.8;}.sp-wp-carousel-free-id-429.wpcf-fancybox-wrapper .fancybox-navigation .fancybox-button .wpcp-fancybox-nav-arrow i {color: #ccc;}.sp-wp-carousel-free-id-429.wpcf-fancybox-wrapper .fancybox-navigation .fancybox-button .wpcp-fancybox-nav-arrow i:hover {color: #fff;}.sp-wp-carousel-free-id-429.wpcf-fancybox-wrapper .fancybox-navigation .fancybox-button {background: #1e1e1e;}.sp-wp-carousel-free-id-429.wpcf-fancybox-wrapper .fancybox-navigation .fancybox-button:hover {background: #1e1e1e;}#sp-wp-carousel-free-id-429 .wpcp-swiper-dots {margin: 40px 0px 0px 0px;}.wpcp-wrapper-429 .swiper-wrapper .swiper-slide-kenburn, .wpcp-wrapper-429 .swiper-wrapper, .wpcp-wrapper-429 .wpcpro-row{align-items: center;}#sp-wp-carousel-free-id-429 .wpcp-single-item {box-shadow: 0px 0px 0px 0px #dddddd;transition: all .3s;margin: 0px;}#sp-wp-carousel-free-id-429.swiper-flip .wpcp-single-item{margin: 0!important;}#sp-wp-carousel-free-id-429 .wpcp-single-item:hover {box-shadow: 0px 0px 0px 0px #dddddd;}#sp-wp-carousel-free-id-429.sp-wpcp-429 .wpcp-single-item {border: 1px solid transparent;}#sp-wp-carousel-free-id-429.wpcp-carousel-section.sp-wpcp-429 .swiper-button-prev,#sp-wp-carousel-free-id-429.wpcp-carousel-section.sp-wpcp-429 .swiper-button-next,#sp-wp-carousel-free-id-429.wpcp-carousel-section.sp-wpcp-429 .swiper-button-prev:hover,#sp-wp-carousel-free-id-429.wpcp-carousel-section.sp-wpcp-429 .swiper-button-next:hover {font-size: 18px ; font-weight: 400;}#sp-wp-carousel-free-id-429.sp-wpcp-429 .swiper-button-prev,#sp-wp-carousel-free-id-429.sp-wpcp-429 .swiper-button-next,#sp-wp-carousel-free-id-429.sp-wpcp-429 .swiper-button-prev:hover,#sp-wp-carousel-free-id-429.sp-wpcp-429 .swiper-button-next:hover {background: none;border: none;font-size: 30px;}#sp-wp-carousel-free-id-429.sp-wpcp-429 .swiper-button-prev i,#sp-wp-carousel-free-id-429.sp-wpcp-429 .swiper-button-next i {color: #aaa;}#sp-wp-carousel-free-id-429.sp-wpcp-429 .swiper-button-prev i:hover,#sp-wp-carousel-free-id-429.sp-wpcp-429 .swiper-button-next i:hover {color: #d52a29;}#sp-wp-carousel-free-id-429.sp-wpcp-429 .wpcp-swiper-dots .swiper-pagination-bullet {background-color: #cccccc;}#sp-wp-carousel-free-id-429.sp-wpcp-429 .wpcp-swiper-dots .swiper-pagination-bullet.swiper-pagination-bullet-active {background-color: #d52a29;} #sp-wp-carousel-free-id-429.sp-wpcp-429.wpcp-image-carousel .wpcp-single-item:hover img, #sp-wp-carousel-free-id-429.sp-wpcp-429.wpcp-post-carousel .wpcp-single-item:hover img, #sp-wp-carousel-free-id-429.sp-wpcp-429.wpcp-product-carousel .wpcp-single-item:hover img{-webkit-transform: scale(1.2);-moz-transform: scale(1.2);transform: scale(1.2);}#sp-wp-carousel-free-id-429 .wpcpro-row>[class*=\"wpcpro-col-\"] { padding: 0 10px; padding-bottom: 20px;} #sp-wp-carousel-free-id-429 .swiper-slide .single-item-fade:not(:last-child) { margin-right: 20px;}@media (min-width: 480px) { .wpcpro-row .wpcpro-col-sm-1 { flex: 0 0 100%; max-width: 100%; } .wpcpro-row .wpcpro-col-sm-2 { flex: 0 0 50%; max-width: 50%; } .wpcpro-row .wpcpro-col-sm-2-5 { flex: 0 0 75%; max-width: 75%; } .wpcpro-row .wpcpro-col-sm-3 { flex: 0 0 33.333%; max-width: 33.333%; } .wpcpro-row .wpcpro-col-sm-4 { flex: 0 0 25%; max-width: 25%; } .wpcpro-row .wpcpro-col-sm-5 { flex: 0 0 20%; max-width: 20%; } .wpcpro-row .wpcpro-col-sm-6 { flex: 0 0 16.66666666666667%; max-width: 16.66666666666667%; } .wpcpro-row .wpcpro-col-sm-7 { flex: 0 0 14.28571428%; max-width: 14.28571428%; } .wpcpro-row .wpcpro-col-sm-8 { flex: 0 0 12.5%; max-width: 12.5%; } } @media (max-width: 480px) { .wpcpro-row .wpcpro-col-xs-1 { flex: 0 0 100%; max-width: 100%; } .wpcpro-row .wpcpro-col-xs-2 { flex: 0 0 50%; max-width: 50%; } .wpcpro-row .wpcpro-col-xs-3 { flex: 0 0 33.222%; max-width: 33.222%; } .wpcpro-row .wpcpro-col-xs-4 { flex: 0 0 25%; max-width: 25%; } .wpcpro-row .wpcpro-col-xs-5 { flex: 0 0 20%; max-width: 20%; } .wpcpro-row .wpcpro-col-xs-6 { flex: 0 0 16.6667%; max-width: 16.6667%; } .wpcpro-row .wpcpro-col-xs-7 { flex: 0 0 14.28571428%; max-width: 14.28571428%; } .wpcpro-row .wpcpro-col-xs-8 { flex: 0 0 12.5%; max-width: 12.5%; } } @media (min-width: 736px) { .wpcpro-row .wpcpro-col-md-1 { flex: 0 0 100%; max-width: 100%; } .wpcpro-row .wpcpro-col-md-2 { flex: 0 0 50%; max-width: 50%; } .wpcpro-row .wpcpro-col-md-2-5 { flex: 0 0 75%; max-width: 75%; } .wpcpro-row .wpcpro-col-md-3 { flex: 0 0 33.333%; max-width: 33.333%; } .wpcpro-row .wpcpro-col-md-4 { flex: 0 0 25%; max-width: 25%; } .wpcpro-row .wpcpro-col-md-5 { flex: 0 0 20%; max-width: 20%; } .wpcpro-row .wpcpro-col-md-6 { flex: 0 0 16.66666666666667%; max-width: 16.66666666666667%; } .wpcpro-row .wpcpro-col-md-7 { flex: 0 0 14.28571428%; max-width: 14.28571428%; } .wpcpro-row .wpcpro-col-md-8 { flex: 0 0 12.5%; max-width: 12.5%; } } @media (min-width: 980px) { .wpcpro-row .wpcpro-col-lg-1 { flex: 0 0 100%; max-width: 100%; } .wpcpro-row .wpcpro-col-lg-2 { flex: 0 0 50%; max-width: 50%; } .wpcpro-row .wpcpro-col-lg-3 { flex: 0 0 33.222%; max-width: 33.222%; } .wpcpro-row .wpcpro-col-lg-4 { flex: 0 0 25%; max-width: 25%; } .wpcpro-row .wpcpro-col-lg-5 { flex: 0 0 20%; max-width: 20%; } .wpcpro-row .wpcpro-col-lg-6 { flex: 0 0 16.6667%; max-width: 16.6667%; } .wpcpro-row .wpcpro-col-lg-7 { flex: 0 0 14.28571428%; max-width: 14.28571428%; } .wpcpro-row .wpcpro-col-lg-8 { flex: 0 0 12.5%; max-width: 12.5%; } } @media (min-width: 1200px) { .wpcpro-row .wpcpro-col-xl-1 { flex: 0 0 100%; max-width: 100%; } .wpcpro-row .wpcpro-col-xl-2 { flex: 0 0 50%; max-width: 50%; } .wpcpro-row .wpcpro-col-xl-3 { flex: 0 0 33.22222222%; max-width: 33.22222222%; } .wpcpro-row .wpcpro-col-xl-4 { flex: 0 0 25%; max-width: 25%; } .wpcpro-row .wpcpro-col-xl-5 { flex: 0 0 20%; max-width: 20%; } .wpcpro-row .wpcpro-col-xl-6 { flex: 0 0 16.66667%; max-width: 16.66667%; } .wpcpro-row .wpcpro-col-xl-7 { flex: 0 0 14.28571428%; max-width: 14.28571428%; } .wpcpro-row .wpcpro-col-xl-8 { flex: 0 0 12.5%; max-width: 12.5%; } }<\/style><div class=\"wpcp-carousel-wrapper wpcp-wrapper-429\">\n\t<div id=\"wpcp-preloader-429\" class=\"wpcp-carousel-preloader\"><img decoding=\"async\" src=\"https:\/\/lzo-im-norden.de\/wp-content\/plugins\/wp-carousel-free\/public\/css\/spinner.svg\" alt=\"Preloader Image\" \/><\/div>\t<div class=\"wpcp-carousel-content-wrapper\">\n\t<div id=\"sp-wp-carousel-free-id-429\" class=\"wpcp-carousel-section sp-wpcp-429  nav-vertical-center wpcp-image-carousel wpcp-preloader wpcp-standard\" data-swiper='{ &quot;pagination_type&quot;: &quot;dots&quot;,&quot;accessibility&quot;:true, &quot;spaceBetween&quot;:20, &quot;arrows&quot;:true, &quot;freeMode&quot;: true, &quot;autoplay&quot;:true, &quot;effect&quot;: &quot;&quot;, &quot;centerMode&quot;: false, &quot;autoplaySpeed&quot;:3000, &quot;dots&quot;:true, &quot;infinite&quot;:false, &quot;speed&quot;:600, &quot;pauseOnHover&quot;:true,\n\t\t\t&quot;slidesToShow&quot;:{&quot;lg_desktop&quot;:3, &quot;desktop&quot;: 2, &quot;laptop&quot;: 2, &quot;tablet&quot;: 1, &quot;mobile&quot;: 1}, &quot;responsive&quot;:{&quot;desktop&quot;:1200, &quot;laptop&quot;: 980, &quot;tablet&quot;: 736, &quot;mobile&quot;: 480}, &quot;rtl&quot;:false, &quot;lazyLoad&quot;: &quot;ondemand&quot;, &quot;swipe&quot;: true, &quot;draggable&quot;: true, &quot;swipeToSlide&quot;:true }' dir=\"ltr\">\n\t\t<div class=\"swiper-wrapper\">\n\t\t<div class=\"swiper-slide\">\n\t<div class=\"wpcp-single-item\">\n\t\t\t<a class=\"wcp-light-box\" data-buttons='[\"close\"]' data-wpc_url='https:\/\/lzo-im-norden.de\/wp-content\/uploads\/2024\/05\/eliasson_450-2-300x161.jpg' href=\"https:\/\/lzo-im-norden.de\/wp-content\/uploads\/2024\/05\/eliasson_450-2.jpg\" data-fancybox=\"wpcp_view\">\n\t\t<figure>\n\t\t\t<img loading=\"lazy\" decoding=\"async\" class=\"wcp-lazy swiper-lazy\" data-src=\"https:\/\/lzo-im-norden.de\/wp-content\/uploads\/2024\/05\/eliasson_450-2-300x161.jpg\" src=\"https:\/\/lzo-im-norden.de\/wp-content\/plugins\/wp-carousel-free\/public\/css\/spinner.svg\" alt=\"Negative glacier kaleidoscope (Kepler dodeca star), 2007 Edelstahl, Farb-Effekt-Filterglas, Aluminium, Stahl, Aluminiumfolie, fl\u00e4chige Entladungslampe, mechanisches Entfeuchtungssystem, Plastik 270 x 185,4 x 83 cm Dreieck: 185,4 x 157,71 x 97,47 cm\" width=\"300\" height=\"161\">\t\t<\/figure>\n\t<\/a>\n\t\t<\/div>\n<\/div>\n\t\t\t<\/div>\n\t\t\t\t\t<div class=\"wpcp-swiper-dots swiper-pagination\"><\/div>\n\t\t\t\t<!-- If we need navigation buttons -->\n\t\t\t\t\t<div class=\"wpcp-prev-button swiper-button-prev\"><i class=\"fa fa-angle-left\"><\/i><\/div>\n\t\t\t<div class=\"wpcp-next-button swiper-button-next\"><i class=\"fa fa-angle-right\"><\/i><\/div>\n\t\t\t<\/div>\n\t<\/div>\n<\/div>\n\n\n\n\n<div style=\"height:50px\" aria-hidden=\"true\" class=\"wp-block-spacer\"><\/div>\n\n\n\n<p>DIE ERSTRECKUNG DES RAUMES<\/p>\n\n\n\n<p>Leonardo gilt uns noch heute als der Typus eines Forscher- K\u00fcnstlers, der nicht nur wunderbare Bilder malte, sondern auch raffinierte Erfindungen machte und naturwissenschaftlich forschte. In den letzten Jahrzehnten der Erfolge der expressiven Malerei mit ihren symbolisch-mythischen Inhalten scheint es geradezu notwendig, dass K\u00fcnstler wie \u00d3lafur El\u00edasson diese alte Renaissance-Tradition mit neuen Formen und Inhalten fortsetzen.&nbsp;<br>Das begr\u00fcndet auch seinen gro\u00dfen internationalen Erfolg.<\/p>\n\n\n\n<p>Wenn Isaac Newton Anfang des 19. Jahrhunderts vorgeworfen wurde, die Poesie des Regenbogens dadurch zerst\u00f6rt zu haben, dass er dieses Ph\u00e4nomen mit dem Brechungsspektrum erkl\u00e4rte, dann sind wir auch schon nah an \u00d3lafur El\u00edassons k\u00fcnstlerischem Ansatz: Die Naturph\u00e4nomene so rein und klar sichtbar werden lassen, dass der einzelne Betrachter sich nicht mehr entscheiden kann zwischen den scheinbar so selbstverst\u00e4ndlichen Gegens\u00e4tzen \u2013 Kunst und Natur, die hier zu Einem werden, zu \u00e4sthetischen Naturph\u00e4nomenen.&nbsp;<br>Dies gelingt El\u00edasson ganz ohne didaktische oder gar symbolische Nebenwege, sondern pur und klar, indem er das Naturph\u00e4nomen in seiner ganzen Stringenz sichtbar werden l\u00e4sst.<br>Neben den naturwissenschaftlichen Grundlagen besch\u00e4ftigt El\u00edasson immer auch die Frage, wie und was SEHEN ist und was also wir als Realit\u00e4t wahrnehmen.&nbsp;<br>Die Erkenntnistheorie hat uns gelehrt, dass wir unterschiedliche Realit\u00e4ten kennen:&nbsp;<br>Ist diese Sternenform, die wir aus sch\u00f6nsten alten Ornamenten kennen, nun eigentlich real dort unten im Boden schwebend zu sehen oder ergibt sich die Form \u201enur\u201c aus Spiegelungen? Oder ist gar alles, was wir dort materiell zu sehen glauben, eine immaterielle Projektion?<\/p>\n\n\n\n<p>Wenn El\u00edasson von einem Kritiker einmal der \u201eMeister der Spiegelwelten\u201c genannt wurde, dann trifft diese saloppe Bezeichnung sogar den tiefen Kern vieler Arbeiten des K\u00fcnstlers. Geht es um die Urformen der Natur als Beispiel f\u00fcr die Zusammenh\u00e4nge von Mikro- und Makrokosmos oder um die Sinnest\u00e4uschungen unserer Wahrnehmungen \u2013 oder um ein \u00e4sthetisch perfektes, sch\u00f6nes Objekt an einem \u00fcberraschenden Ort?<\/p>\n\n\n\n<p>Die Lichtskulptur \u201eNegative glacier kaleidoscope (Kepler dodeca star)\u201c, 2007, ist eine von 12 Varianten von Kaleidoskopen, die in \u00d3lafur El\u00edasson Berliner Labor- Studio erforscht wurden und deren visuelle Potenzen er herausarbeitet. Hier in diesem Werk in Oldenburg sieht der Betrachter durch die im Boden eingelassene dreieckige Glasscheibe einen in einem Hohlraum schwebenden Zw\u00f6lfstern, dessen Farbe je nach Tageslicht von sattem Gelb bis Wei\u00df wechselt. Die drei aufeinander zulaufenden Spitzen der innen liegenden Spiegel sind so gekappt, dass Licht durch deren Ausschnitt scheint und eine drei dimensional anmutende Form in der Reflexion der Spiegel entsteht. Die Vorlage des geometrischen K\u00f6rpers konstruierte Johannes Kepler in seiner \u201eWeltharmonik\u201c 1619 als sternf\u00f6rmiges Gebilde mit insgesamt zw\u00f6lf f\u00fcnfseitigen Pyramiden, die jeweils auf den Seitenfl\u00e4chen eines Dodekaeders stehen.<br>Obwohl die Lichtskulptur auf rein naturwissenschaftlich nachvollziehbaren Ph\u00e4nomenen beruht, kann der Betrachter sich der Poesie und dem Ungreifbaren der Vervielf\u00e4ltigung der Form und der Erstreckung des Raumes kaum entziehen \u2013 und damit wird auch dieses Werk von \u00d3lafur El\u00edasson zu einem Kunstwerk; diese Einheit in der Vielheit, die Erlebnism\u00f6glichkeit bei Tag und Nacht, die Aufhebung der Erdschwere lassen uns staunen \u00fcber die Sch\u00f6pfungskr\u00e4fte der Natur \u2013 und des K\u00fcnstlers.&nbsp;<br>(Wulf Herzogenrath, Sammlungskatalog \u201eIM NORDEN\u201c, 2009)<\/p>\n","protected":false},"excerpt":{"rendered":"<p>\u00d3LAFUR EL\u00cdASSON * 1967 in Kopenhagen, aufgewachsen in Island und D\u00e4nemark 1989 \u2013 1995 Studium an der K\u00f6niglich D\u00e4nischen Kunstakademie Kopenhagen 2003 Teilnahme an der Biennale Venedig seit 2003 weltweit Ausstellungen und Projekte, u.a. Tate Modern, London; Museum of Modern Art, New York seit 2008 Professor an der Universit\u00e4t der K\u00fcnste (UdK) Berlin zahlreiche Auszeichnungen [&hellip;]<\/p>\n","protected":false},"author":1,"featured_media":0,"parent":184,"menu_order":0,"comment_status":"closed","ping_status":"closed","template":"","meta":{"footnotes":""},"class_list":["post-484","page","type-page","status-publish","hentry"],"yoast_head":"<!-- This site is optimized with the Yoast SEO plugin v27.4 - https:\/\/yoast.com\/product\/yoast-seo-wordpress\/ -->\n<title>\u00d3lafur El\u00edasson - IM NORDEN - die Kunstsammlung der Landessparkasse zu Oldenburg<\/title>\n<meta name=\"robots\" content=\"index, follow, max-snippet:-1, max-image-preview:large, max-video-preview:-1\" \/>\n<link rel=\"canonical\" href=\"https:\/\/lzo-im-norden.de\/?page_id=484\" \/>\n<meta property=\"og:locale\" content=\"de_DE\" \/>\n<meta property=\"og:type\" content=\"article\" \/>\n<meta property=\"og:title\" content=\"\u00d3lafur El\u00edasson - IM NORDEN - die Kunstsammlung der Landessparkasse zu Oldenburg\" \/>\n<meta property=\"og:description\" content=\"\u00d3LAFUR EL\u00cdASSON * 1967 in Kopenhagen, aufgewachsen in Island und D\u00e4nemark 1989 \u2013 1995 Studium an der K\u00f6niglich D\u00e4nischen Kunstakademie Kopenhagen 2003 Teilnahme an der Biennale Venedig seit 2003 weltweit Ausstellungen und Projekte, u.a. Tate Modern, London; Museum of Modern Art, New York seit 2008 Professor an der Universit\u00e4t der K\u00fcnste (UdK) Berlin zahlreiche Auszeichnungen [&hellip;]\" \/>\n<meta property=\"og:url\" content=\"https:\/\/lzo-im-norden.de\/?page_id=484\" \/>\n<meta property=\"og:site_name\" content=\"IM NORDEN - die Kunstsammlung der Landessparkasse zu Oldenburg\" \/>\n<meta property=\"og:image\" content=\"https:\/\/lzo-im-norden.de\/wp-content\/uploads\/2024\/05\/port-36.jpg\" \/>\n<meta name=\"twitter:card\" content=\"summary_large_image\" \/>\n<meta name=\"twitter:label1\" content=\"Gesch\u00e4tzte Lesezeit\" \/>\n\t<meta name=\"twitter:data1\" content=\"4\u00a0Minuten\" \/>\n<script type=\"application\/ld+json\" class=\"yoast-schema-graph\">{\"@context\":\"https:\\\/\\\/schema.org\",\"@graph\":[{\"@type\":\"WebPage\",\"@id\":\"https:\\\/\\\/lzo-im-norden.de\\\/?page_id=484\",\"url\":\"https:\\\/\\\/lzo-im-norden.de\\\/?page_id=484\",\"name\":\"\u00d3lafur El\u00edasson - IM NORDEN - die Kunstsammlung der Landessparkasse zu Oldenburg\",\"isPartOf\":{\"@id\":\"https:\\\/\\\/lzo-im-norden.de\\\/#website\"},\"primaryImageOfPage\":{\"@id\":\"https:\\\/\\\/lzo-im-norden.de\\\/?page_id=484#primaryimage\"},\"image\":{\"@id\":\"https:\\\/\\\/lzo-im-norden.de\\\/?page_id=484#primaryimage\"},\"thumbnailUrl\":\"https:\\\/\\\/lzo-im-norden.de\\\/wp-content\\\/uploads\\\/2024\\\/05\\\/port-36.jpg\",\"datePublished\":\"2024-05-13T06:29:48+00:00\",\"breadcrumb\":{\"@id\":\"https:\\\/\\\/lzo-im-norden.de\\\/?page_id=484#breadcrumb\"},\"inLanguage\":\"de\",\"potentialAction\":[{\"@type\":\"ReadAction\",\"target\":[\"https:\\\/\\\/lzo-im-norden.de\\\/?page_id=484\"]}]},{\"@type\":\"ImageObject\",\"inLanguage\":\"de\",\"@id\":\"https:\\\/\\\/lzo-im-norden.de\\\/?page_id=484#primaryimage\",\"url\":\"https:\\\/\\\/lzo-im-norden.de\\\/wp-content\\\/uploads\\\/2024\\\/05\\\/port-36.jpg\",\"contentUrl\":\"https:\\\/\\\/lzo-im-norden.de\\\/wp-content\\\/uploads\\\/2024\\\/05\\\/port-36.jpg\",\"width\":150,\"height\":187},{\"@type\":\"BreadcrumbList\",\"@id\":\"https:\\\/\\\/lzo-im-norden.de\\\/?page_id=484#breadcrumb\",\"itemListElement\":[{\"@type\":\"ListItem\",\"position\":1,\"name\":\"Startseite\",\"item\":\"https:\\\/\\\/lzo-im-norden.de\\\/\"},{\"@type\":\"ListItem\",\"position\":2,\"name\":\"Die K\u00fcnstler\",\"item\":\"https:\\\/\\\/lzo-im-norden.de\\\/?page_id=184\"},{\"@type\":\"ListItem\",\"position\":3,\"name\":\"\u00d3lafur El\u00edasson\"}]},{\"@type\":\"WebSite\",\"@id\":\"https:\\\/\\\/lzo-im-norden.de\\\/#website\",\"url\":\"https:\\\/\\\/lzo-im-norden.de\\\/\",\"name\":\"IM NORDEN - die Kunstsammlung der Landessparkasse zu Oldenburg\",\"description\":\"\",\"publisher\":{\"@id\":\"https:\\\/\\\/lzo-im-norden.de\\\/#organization\"},\"potentialAction\":[{\"@type\":\"SearchAction\",\"target\":{\"@type\":\"EntryPoint\",\"urlTemplate\":\"https:\\\/\\\/lzo-im-norden.de\\\/?s={search_term_string}\"},\"query-input\":{\"@type\":\"PropertyValueSpecification\",\"valueRequired\":true,\"valueName\":\"search_term_string\"}}],\"inLanguage\":\"de\"},{\"@type\":\"Organization\",\"@id\":\"https:\\\/\\\/lzo-im-norden.de\\\/#organization\",\"name\":\"IM NORDEN - die Kunstsammlung der Landessparkasse zu Oldenburg\",\"url\":\"https:\\\/\\\/lzo-im-norden.de\\\/\",\"logo\":{\"@type\":\"ImageObject\",\"inLanguage\":\"de\",\"@id\":\"https:\\\/\\\/lzo-im-norden.de\\\/#\\\/schema\\\/logo\\\/image\\\/\",\"url\":\"https:\\\/\\\/lzo-im-norden.de\\\/wp-content\\\/uploads\\\/2024\\\/05\\\/im-norden.png\",\"contentUrl\":\"https:\\\/\\\/lzo-im-norden.de\\\/wp-content\\\/uploads\\\/2024\\\/05\\\/im-norden.png\",\"width\":356,\"height\":105,\"caption\":\"IM NORDEN - die Kunstsammlung der Landessparkasse zu Oldenburg\"},\"image\":{\"@id\":\"https:\\\/\\\/lzo-im-norden.de\\\/#\\\/schema\\\/logo\\\/image\\\/\"}}]}<\/script>\n<!-- \/ Yoast SEO plugin. -->","yoast_head_json":{"title":"\u00d3lafur El\u00edasson - IM NORDEN - die Kunstsammlung der Landessparkasse zu Oldenburg","robots":{"index":"index","follow":"follow","max-snippet":"max-snippet:-1","max-image-preview":"max-image-preview:large","max-video-preview":"max-video-preview:-1"},"canonical":"https:\/\/lzo-im-norden.de\/?page_id=484","og_locale":"de_DE","og_type":"article","og_title":"\u00d3lafur El\u00edasson - IM NORDEN - die Kunstsammlung der Landessparkasse zu Oldenburg","og_description":"\u00d3LAFUR EL\u00cdASSON * 1967 in Kopenhagen, aufgewachsen in Island und D\u00e4nemark 1989 \u2013 1995 Studium an der K\u00f6niglich D\u00e4nischen Kunstakademie Kopenhagen 2003 Teilnahme an der Biennale Venedig seit 2003 weltweit Ausstellungen und Projekte, u.a. Tate Modern, London; Museum of Modern Art, New York seit 2008 Professor an der Universit\u00e4t der K\u00fcnste (UdK) Berlin zahlreiche Auszeichnungen [&hellip;]","og_url":"https:\/\/lzo-im-norden.de\/?page_id=484","og_site_name":"IM NORDEN - die Kunstsammlung der Landessparkasse zu Oldenburg","og_image":[{"url":"https:\/\/lzo-im-norden.de\/wp-content\/uploads\/2024\/05\/port-36.jpg","type":"","width":"","height":""}],"twitter_card":"summary_large_image","twitter_misc":{"Gesch\u00e4tzte Lesezeit":"4\u00a0Minuten"},"schema":{"@context":"https:\/\/schema.org","@graph":[{"@type":"WebPage","@id":"https:\/\/lzo-im-norden.de\/?page_id=484","url":"https:\/\/lzo-im-norden.de\/?page_id=484","name":"\u00d3lafur El\u00edasson - IM NORDEN - die Kunstsammlung der Landessparkasse zu Oldenburg","isPartOf":{"@id":"https:\/\/lzo-im-norden.de\/#website"},"primaryImageOfPage":{"@id":"https:\/\/lzo-im-norden.de\/?page_id=484#primaryimage"},"image":{"@id":"https:\/\/lzo-im-norden.de\/?page_id=484#primaryimage"},"thumbnailUrl":"https:\/\/lzo-im-norden.de\/wp-content\/uploads\/2024\/05\/port-36.jpg","datePublished":"2024-05-13T06:29:48+00:00","breadcrumb":{"@id":"https:\/\/lzo-im-norden.de\/?page_id=484#breadcrumb"},"inLanguage":"de","potentialAction":[{"@type":"ReadAction","target":["https:\/\/lzo-im-norden.de\/?page_id=484"]}]},{"@type":"ImageObject","inLanguage":"de","@id":"https:\/\/lzo-im-norden.de\/?page_id=484#primaryimage","url":"https:\/\/lzo-im-norden.de\/wp-content\/uploads\/2024\/05\/port-36.jpg","contentUrl":"https:\/\/lzo-im-norden.de\/wp-content\/uploads\/2024\/05\/port-36.jpg","width":150,"height":187},{"@type":"BreadcrumbList","@id":"https:\/\/lzo-im-norden.de\/?page_id=484#breadcrumb","itemListElement":[{"@type":"ListItem","position":1,"name":"Startseite","item":"https:\/\/lzo-im-norden.de\/"},{"@type":"ListItem","position":2,"name":"Die K\u00fcnstler","item":"https:\/\/lzo-im-norden.de\/?page_id=184"},{"@type":"ListItem","position":3,"name":"\u00d3lafur El\u00edasson"}]},{"@type":"WebSite","@id":"https:\/\/lzo-im-norden.de\/#website","url":"https:\/\/lzo-im-norden.de\/","name":"IM NORDEN - die Kunstsammlung der Landessparkasse zu Oldenburg","description":"","publisher":{"@id":"https:\/\/lzo-im-norden.de\/#organization"},"potentialAction":[{"@type":"SearchAction","target":{"@type":"EntryPoint","urlTemplate":"https:\/\/lzo-im-norden.de\/?s={search_term_string}"},"query-input":{"@type":"PropertyValueSpecification","valueRequired":true,"valueName":"search_term_string"}}],"inLanguage":"de"},{"@type":"Organization","@id":"https:\/\/lzo-im-norden.de\/#organization","name":"IM NORDEN - die Kunstsammlung der Landessparkasse zu Oldenburg","url":"https:\/\/lzo-im-norden.de\/","logo":{"@type":"ImageObject","inLanguage":"de","@id":"https:\/\/lzo-im-norden.de\/#\/schema\/logo\/image\/","url":"https:\/\/lzo-im-norden.de\/wp-content\/uploads\/2024\/05\/im-norden.png","contentUrl":"https:\/\/lzo-im-norden.de\/wp-content\/uploads\/2024\/05\/im-norden.png","width":356,"height":105,"caption":"IM NORDEN - die Kunstsammlung der Landessparkasse zu Oldenburg"},"image":{"@id":"https:\/\/lzo-im-norden.de\/#\/schema\/logo\/image\/"}}]}},"_links":{"self":[{"href":"https:\/\/lzo-im-norden.de\/index.php?rest_route=\/wp\/v2\/pages\/484","targetHints":{"allow":["GET"]}}],"collection":[{"href":"https:\/\/lzo-im-norden.de\/index.php?rest_route=\/wp\/v2\/pages"}],"about":[{"href":"https:\/\/lzo-im-norden.de\/index.php?rest_route=\/wp\/v2\/types\/page"}],"author":[{"embeddable":true,"href":"https:\/\/lzo-im-norden.de\/index.php?rest_route=\/wp\/v2\/users\/1"}],"replies":[{"embeddable":true,"href":"https:\/\/lzo-im-norden.de\/index.php?rest_route=%2Fwp%2Fv2%2Fcomments&post=484"}],"version-history":[{"count":1,"href":"https:\/\/lzo-im-norden.de\/index.php?rest_route=\/wp\/v2\/pages\/484\/revisions"}],"predecessor-version":[{"id":485,"href":"https:\/\/lzo-im-norden.de\/index.php?rest_route=\/wp\/v2\/pages\/484\/revisions\/485"}],"up":[{"embeddable":true,"href":"https:\/\/lzo-im-norden.de\/index.php?rest_route=\/wp\/v2\/pages\/184"}],"wp:attachment":[{"href":"https:\/\/lzo-im-norden.de\/index.php?rest_route=%2Fwp%2Fv2%2Fmedia&parent=484"}],"curies":[{"name":"wp","href":"https:\/\/api.w.org\/{rel}","templated":true}]}}