{"id":560,"date":"2024-05-13T07:35:31","date_gmt":"2024-05-13T07:35:31","guid":{"rendered":"https:\/\/lzo-im-norden.de\/?page_id=560"},"modified":"2024-05-13T07:35:31","modified_gmt":"2024-05-13T07:35:31","slug":"thomas-schuette","status":"publish","type":"page","link":"https:\/\/lzo-im-norden.de\/?page_id=560","title":{"rendered":"Thomas Sch\u00fctte"},"content":{"rendered":"\n<h1 class=\"wp-block-heading has-text-align-center\">Thomas Sch\u00fctte<\/h1>\n\n\n\n<div class=\"wp-block-columns is-layout-flex wp-container-core-columns-is-layout-28f84493 wp-block-columns-is-layout-flex\">\n<div class=\"wp-block-column is-layout-flow wp-block-column-is-layout-flow\" style=\"flex-basis:25%\">\n<figure class=\"wp-block-image size-full\"><img loading=\"lazy\" decoding=\"async\" width=\"150\" height=\"198\" src=\"https:\/\/lzo-im-norden.de\/wp-content\/uploads\/2024\/05\/port-42.jpg\" alt=\"\" class=\"wp-image-414\"\/><\/figure>\n<\/div>\n\n\n\n<div class=\"wp-block-column is-layout-flow wp-block-column-is-layout-flow\" style=\"flex-basis:75%\">\n<figure class=\"wp-block-table is-style-stripes\"><table><tbody><tr><td>* 1954<\/td><td>in Oldenburg<\/td><\/tr><tr><td>1973 \u2013 1984<\/td><td>Studium an der Kunstakademie in D\u00fcsseldorf bei Fritz Schwegler und Gerhard Richter<\/td><\/tr><tr><td>1987<\/td><td>documenta VIII; Skulptur. Projekte M\u00fcnster<\/td><\/tr><tr><td>1992<\/td><td>documenta IX<\/td><\/tr><tr><td>1997<\/td><td>documenta X; Skulptur. Projekte M\u00fcnster<\/td><\/tr><tr><td colspan=\"2\">vielfache Auszeichnungen, u. a.<\/td><\/tr><tr><td>2005<\/td><td>Auszeichnung mit dem Goldenen L\u00f6wen als bester K\u00fcnstler der Biennale Venedig<\/td><\/tr><tr><td>2007<\/td><td>Skulptur. Projekte M\u00fcnster<\/td><\/tr><tr><td colspan=\"2\">zahlreiche internationale Ausstellungen und permanente Projekte im Ausland (u.a. Chicago, London)<\/td><\/tr><tr><td colspan=\"2\">Ausstellungen im In- und Ausland<\/td><\/tr><tr><td colspan=\"2\">lebt in D\u00fcsseldorf.<\/td><\/tr><tr><td colspan=\"2\"><a href=\"http:\/\/www.thomas-schuette.de\/website_content.php\" target=\"_blank\" rel=\"noreferrer noopener\">www.thomas-schuette.de<\/a><\/td><\/tr><\/tbody><\/table><\/figure>\n<\/div>\n<\/div>\n\n\n\n<div style=\"height:50px\" aria-hidden=\"true\" class=\"wp-block-spacer\"><\/div>\n\n\n\n<h1 class=\"wp-block-heading has-text-align-center\">Werke<\/h1>\n\n\n<style id=\"wp_carousel_dynamic_css464\">.sp-wp-carousel-free-id-464.wpcf-fancybox-wrapper .fancybox-bg{background: #0b0b0b;opacity: 0.8;}.sp-wp-carousel-free-id-464.wpcf-fancybox-wrapper .fancybox-navigation .fancybox-button .wpcp-fancybox-nav-arrow i {color: #ccc;}.sp-wp-carousel-free-id-464.wpcf-fancybox-wrapper .fancybox-navigation .fancybox-button .wpcp-fancybox-nav-arrow i:hover {color: #fff;}.sp-wp-carousel-free-id-464.wpcf-fancybox-wrapper .fancybox-navigation .fancybox-button {background: #1e1e1e;}.sp-wp-carousel-free-id-464.wpcf-fancybox-wrapper .fancybox-navigation .fancybox-button:hover {background: #1e1e1e;}#sp-wp-carousel-free-id-464 .wpcp-swiper-dots {margin: 40px 0px 0px 0px;}.wpcp-wrapper-464 .swiper-wrapper .swiper-slide-kenburn, .wpcp-wrapper-464 .swiper-wrapper, .wpcp-wrapper-464 .wpcpro-row{align-items: center;}#sp-wp-carousel-free-id-464 .wpcp-single-item {box-shadow: 0px 0px 0px 0px #dddddd;transition: all .3s;margin: 0px;}#sp-wp-carousel-free-id-464.swiper-flip .wpcp-single-item{margin: 0!important;}#sp-wp-carousel-free-id-464 .wpcp-single-item:hover {box-shadow: 0px 0px 0px 0px #dddddd;}#sp-wp-carousel-free-id-464.sp-wpcp-464 .wpcp-single-item {border: 1px solid transparent;}#sp-wp-carousel-free-id-464.wpcp-carousel-section.sp-wpcp-464 .swiper-button-prev,#sp-wp-carousel-free-id-464.wpcp-carousel-section.sp-wpcp-464 .swiper-button-next,#sp-wp-carousel-free-id-464.wpcp-carousel-section.sp-wpcp-464 .swiper-button-prev:hover,#sp-wp-carousel-free-id-464.wpcp-carousel-section.sp-wpcp-464 .swiper-button-next:hover {font-size: 18px ; font-weight: 400;}#sp-wp-carousel-free-id-464.sp-wpcp-464 .swiper-button-prev,#sp-wp-carousel-free-id-464.sp-wpcp-464 .swiper-button-next,#sp-wp-carousel-free-id-464.sp-wpcp-464 .swiper-button-prev:hover,#sp-wp-carousel-free-id-464.sp-wpcp-464 .swiper-button-next:hover {background: none;border: none;font-size: 30px;}#sp-wp-carousel-free-id-464.sp-wpcp-464 .swiper-button-prev i,#sp-wp-carousel-free-id-464.sp-wpcp-464 .swiper-button-next i {color: #aaa;}#sp-wp-carousel-free-id-464.sp-wpcp-464 .swiper-button-prev i:hover,#sp-wp-carousel-free-id-464.sp-wpcp-464 .swiper-button-next i:hover {color: #d52a29;}#sp-wp-carousel-free-id-464.sp-wpcp-464 .wpcp-swiper-dots .swiper-pagination-bullet {background-color: #cccccc;}#sp-wp-carousel-free-id-464.sp-wpcp-464 .wpcp-swiper-dots .swiper-pagination-bullet.swiper-pagination-bullet-active {background-color: #d52a29;} #sp-wp-carousel-free-id-464.sp-wpcp-464.wpcp-image-carousel .wpcp-single-item:hover img, #sp-wp-carousel-free-id-464.sp-wpcp-464.wpcp-post-carousel .wpcp-single-item:hover img, #sp-wp-carousel-free-id-464.sp-wpcp-464.wpcp-product-carousel .wpcp-single-item:hover img{-webkit-transform: scale(1.2);-moz-transform: scale(1.2);transform: scale(1.2);}#sp-wp-carousel-free-id-464 .wpcpro-row>[class*=\"wpcpro-col-\"] { padding: 0 10px; padding-bottom: 20px;} #sp-wp-carousel-free-id-464 .swiper-slide .single-item-fade:not(:last-child) { margin-right: 20px;}@media (min-width: 480px) { .wpcpro-row .wpcpro-col-sm-1 { flex: 0 0 100%; max-width: 100%; } .wpcpro-row .wpcpro-col-sm-2 { flex: 0 0 50%; max-width: 50%; } .wpcpro-row .wpcpro-col-sm-2-5 { flex: 0 0 75%; max-width: 75%; } .wpcpro-row .wpcpro-col-sm-3 { flex: 0 0 33.333%; max-width: 33.333%; } .wpcpro-row .wpcpro-col-sm-4 { flex: 0 0 25%; max-width: 25%; } .wpcpro-row .wpcpro-col-sm-5 { flex: 0 0 20%; max-width: 20%; } .wpcpro-row .wpcpro-col-sm-6 { flex: 0 0 16.66666666666667%; max-width: 16.66666666666667%; } .wpcpro-row .wpcpro-col-sm-7 { flex: 0 0 14.28571428%; max-width: 14.28571428%; } .wpcpro-row .wpcpro-col-sm-8 { flex: 0 0 12.5%; max-width: 12.5%; } } @media (max-width: 480px) { .wpcpro-row .wpcpro-col-xs-1 { flex: 0 0 100%; max-width: 100%; } .wpcpro-row .wpcpro-col-xs-2 { flex: 0 0 50%; max-width: 50%; } .wpcpro-row .wpcpro-col-xs-3 { flex: 0 0 33.222%; max-width: 33.222%; } .wpcpro-row .wpcpro-col-xs-4 { flex: 0 0 25%; max-width: 25%; } .wpcpro-row .wpcpro-col-xs-5 { flex: 0 0 20%; max-width: 20%; } .wpcpro-row .wpcpro-col-xs-6 { flex: 0 0 16.6667%; max-width: 16.6667%; } .wpcpro-row .wpcpro-col-xs-7 { flex: 0 0 14.28571428%; max-width: 14.28571428%; } .wpcpro-row .wpcpro-col-xs-8 { flex: 0 0 12.5%; max-width: 12.5%; } } @media (min-width: 736px) { .wpcpro-row .wpcpro-col-md-1 { flex: 0 0 100%; max-width: 100%; } .wpcpro-row .wpcpro-col-md-2 { flex: 0 0 50%; max-width: 50%; } .wpcpro-row .wpcpro-col-md-2-5 { flex: 0 0 75%; max-width: 75%; } .wpcpro-row .wpcpro-col-md-3 { flex: 0 0 33.333%; max-width: 33.333%; } .wpcpro-row .wpcpro-col-md-4 { flex: 0 0 25%; max-width: 25%; } .wpcpro-row .wpcpro-col-md-5 { flex: 0 0 20%; max-width: 20%; } .wpcpro-row .wpcpro-col-md-6 { flex: 0 0 16.66666666666667%; max-width: 16.66666666666667%; } .wpcpro-row .wpcpro-col-md-7 { flex: 0 0 14.28571428%; max-width: 14.28571428%; } .wpcpro-row .wpcpro-col-md-8 { flex: 0 0 12.5%; max-width: 12.5%; } } @media (min-width: 980px) { .wpcpro-row .wpcpro-col-lg-1 { flex: 0 0 100%; max-width: 100%; } .wpcpro-row .wpcpro-col-lg-2 { flex: 0 0 50%; max-width: 50%; } .wpcpro-row .wpcpro-col-lg-3 { flex: 0 0 33.222%; max-width: 33.222%; } .wpcpro-row .wpcpro-col-lg-4 { flex: 0 0 25%; max-width: 25%; } .wpcpro-row .wpcpro-col-lg-5 { flex: 0 0 20%; max-width: 20%; } .wpcpro-row .wpcpro-col-lg-6 { flex: 0 0 16.6667%; max-width: 16.6667%; } .wpcpro-row .wpcpro-col-lg-7 { flex: 0 0 14.28571428%; max-width: 14.28571428%; } .wpcpro-row .wpcpro-col-lg-8 { flex: 0 0 12.5%; max-width: 12.5%; } } @media (min-width: 1200px) { .wpcpro-row .wpcpro-col-xl-1 { flex: 0 0 100%; max-width: 100%; } .wpcpro-row .wpcpro-col-xl-2 { flex: 0 0 50%; max-width: 50%; } .wpcpro-row .wpcpro-col-xl-3 { flex: 0 0 33.22222222%; max-width: 33.22222222%; } .wpcpro-row .wpcpro-col-xl-4 { flex: 0 0 25%; max-width: 25%; } .wpcpro-row .wpcpro-col-xl-5 { flex: 0 0 20%; max-width: 20%; } .wpcpro-row .wpcpro-col-xl-6 { flex: 0 0 16.66667%; max-width: 16.66667%; } .wpcpro-row .wpcpro-col-xl-7 { flex: 0 0 14.28571428%; max-width: 14.28571428%; } .wpcpro-row .wpcpro-col-xl-8 { flex: 0 0 12.5%; max-width: 12.5%; } }<\/style><div class=\"wpcp-carousel-wrapper wpcp-wrapper-464\">\n\t<div id=\"wpcp-preloader-464\" class=\"wpcp-carousel-preloader\"><img decoding=\"async\" src=\"https:\/\/lzo-im-norden.de\/wp-content\/plugins\/wp-carousel-free\/public\/css\/spinner.svg\" alt=\"Preloader Image\" \/><\/div>\t<div class=\"wpcp-carousel-content-wrapper\">\n\t<div id=\"sp-wp-carousel-free-id-464\" class=\"wpcp-carousel-section sp-wpcp-464  nav-vertical-center wpcp-image-carousel wpcp-preloader wpcp-standard\" data-swiper='{ &quot;pagination_type&quot;: &quot;dots&quot;,&quot;accessibility&quot;:true, &quot;spaceBetween&quot;:20, &quot;arrows&quot;:true, &quot;freeMode&quot;: true, &quot;autoplay&quot;:true, &quot;effect&quot;: &quot;&quot;, &quot;centerMode&quot;: false, &quot;autoplaySpeed&quot;:3000, &quot;dots&quot;:true, &quot;infinite&quot;:true, &quot;speed&quot;:600, &quot;pauseOnHover&quot;:true,\n\t\t\t&quot;slidesToShow&quot;:{&quot;lg_desktop&quot;:3, &quot;desktop&quot;: 2, &quot;laptop&quot;: 2, &quot;tablet&quot;: 1, &quot;mobile&quot;: 1}, &quot;responsive&quot;:{&quot;desktop&quot;:1200, &quot;laptop&quot;: 980, &quot;tablet&quot;: 736, &quot;mobile&quot;: 480}, &quot;rtl&quot;:false, &quot;lazyLoad&quot;: &quot;ondemand&quot;, &quot;swipe&quot;: true, &quot;draggable&quot;: true, &quot;swipeToSlide&quot;:true }' dir=\"ltr\">\n\t\t<div class=\"swiper-wrapper\">\n\t\t<div class=\"swiper-slide\">\n\t<div class=\"wpcp-single-item\">\n\t\t\t<a class=\"wcp-light-box\" data-buttons='[\"close\"]' data-wpc_url='https:\/\/lzo-im-norden.de\/wp-content\/uploads\/2024\/05\/schuette_1-300x199.jpg' href=\"https:\/\/lzo-im-norden.de\/wp-content\/uploads\/2024\/05\/schuette_1.jpg\" data-fancybox=\"wpcp_view\">\n\t\t<figure>\n\t\t\t<img loading=\"lazy\" decoding=\"async\" class=\"wcp-lazy swiper-lazy\" data-src=\"https:\/\/lzo-im-norden.de\/wp-content\/uploads\/2024\/05\/schuette_1-300x199.jpg\" src=\"https:\/\/lzo-im-norden.de\/wp-content\/plugins\/wp-carousel-free\/public\/css\/spinner.svg\" alt=\"Mann im Matsch - der Suchende, 2009 Bronze, H\u00f6he 5.50 m\" width=\"300\" height=\"199\">\t\t<\/figure>\n\t<\/a>\n\t\t<\/div>\n<\/div>\n\t<div class=\"swiper-slide\">\n\t<div class=\"wpcp-single-item\">\n\t\t\t<a class=\"wcp-light-box\" data-buttons='[\"close\"]' data-wpc_url='https:\/\/lzo-im-norden.de\/wp-content\/uploads\/2024\/05\/schuette_3-300x199.jpg' href=\"https:\/\/lzo-im-norden.de\/wp-content\/uploads\/2024\/05\/schuette_3.jpg\" data-fancybox=\"wpcp_view\">\n\t\t<figure>\n\t\t\t<img loading=\"lazy\" decoding=\"async\" class=\"wcp-lazy swiper-lazy\" data-src=\"https:\/\/lzo-im-norden.de\/wp-content\/uploads\/2024\/05\/schuette_3-300x199.jpg\" src=\"https:\/\/lzo-im-norden.de\/wp-content\/plugins\/wp-carousel-free\/public\/css\/spinner.svg\" alt=\"schuette_3\" width=\"300\" height=\"199\">\t\t<\/figure>\n\t<\/a>\n\t\t<\/div>\n<\/div>\n\t<div class=\"swiper-slide\">\n\t<div class=\"wpcp-single-item\">\n\t\t\t<a class=\"wcp-light-box\" data-buttons='[\"close\"]' data-wpc_url='https:\/\/lzo-im-norden.de\/wp-content\/uploads\/2024\/05\/schuette_2-300x200.jpg' href=\"https:\/\/lzo-im-norden.de\/wp-content\/uploads\/2024\/05\/schuette_2.jpg\" data-fancybox=\"wpcp_view\">\n\t\t<figure>\n\t\t\t<img loading=\"lazy\" decoding=\"async\" class=\"wcp-lazy swiper-lazy\" data-src=\"https:\/\/lzo-im-norden.de\/wp-content\/uploads\/2024\/05\/schuette_2-300x200.jpg\" src=\"https:\/\/lzo-im-norden.de\/wp-content\/plugins\/wp-carousel-free\/public\/css\/spinner.svg\" alt=\"schuette_2\" width=\"300\" height=\"200\">\t\t<\/figure>\n\t<\/a>\n\t\t<\/div>\n<\/div>\n\t\t\t<\/div>\n\t\t\t\t\t<div class=\"wpcp-swiper-dots swiper-pagination\"><\/div>\n\t\t\t\t<!-- If we need navigation buttons -->\n\t\t\t\t\t<div class=\"wpcp-prev-button swiper-button-prev\"><i class=\"fa fa-angle-left\"><\/i><\/div>\n\t\t\t<div class=\"wpcp-next-button swiper-button-next\"><i class=\"fa fa-angle-right\"><\/i><\/div>\n\t\t\t<\/div>\n\t<\/div>\n<\/div>\n\n\n\n\n<div style=\"height:50px\" aria-hidden=\"true\" class=\"wp-block-spacer\"><\/div>\n\n\n\n<p>ZUM TR\u00c4UMEN AUFWECKEN<\/p>\n\n\n\n<p>Auf was die W\u00fcnschelrute wohl anspricht? Jedenfalls sucht der Mann im Matsch nach M\u00f6glichkeiten. Im Unwegsamen lotet er seine n\u00e4chsten Schritte aus. Darin ist er dem K\u00fcnstler verwandt.<\/p>\n\n\n\n<p>Thomas Sch\u00fctte hat diese Figur in zahlreichen Modellen seit 1981 entwickelt: Zun\u00e4chst versinken die M\u00e4nner reihenweise und brusttief in Schlamm und Schlick, dann drehen sie sich im Kreis, gef\u00fchrt von einem Hund \u2013 einem Blindenhund? \u2013, oder sie schreiten los im Rund ohne Spielraum mit einem Banner in der Hand, dessen Aufbruchspathos nicht \u00fcber die umfassende Orientierungslosigkeit hinwegzut\u00e4uschen vermag.<\/p>\n\n\n\n<p>Ein verwandtes Thema war die \u201eWattwanderung\u201c, ein druckgraphisches Tagebuch von 2001, bei dem sich pers\u00f6nliche und weltpolitische Tagesaktualit\u00e4t mischt in der Metapher des Watts, wo kein fester Grund mehr greift und die Gezeiten den Ort st\u00e4ndig ver\u00e4ndern. Mehrere Modelle des \u201eMann im Matsch\u201c deuten schon mehrstufige Brunnenkonstruktionen auf \u00f6ffentlichen Pl\u00e4tzen an.<\/p>\n\n\n\n<p>Die Figur in Oldenburg ist jedoch zum ersten Mal eine Umsetzung des Motivs in gro\u00dfen Dimensionen, in einer \u00fcbergro\u00dfen Dimension eigentlich, bei der das monumental Beeindruckende in einem seltsamen Kontrast zu der antiheroischen Situation der Figur steht. Der Auftrag f\u00fcr Oldenburg begann mit einer streichholzgro\u00dfen Maquette. Darin wird deutlich, wie sehr die Figur auch in \u00dcberlebensgr\u00f6\u00dfe noch mit der Vorstellung spielt.<\/p>\n\n\n\n<p>Nun wird der Mann unverr\u00fcckbar in Bronze vor uns dastehen, und bleibt doch ein verletzliches Phantom, das beim n\u00e4chsten Schritt absinken und verschwinden k\u00f6nnte. Sch\u00fctte schafft Zeitmetaphern, die \u00fcber den Moment hinaus G\u00fcltigkeit erreichen. Der \u201eMann im Matsch\u201c ist eine Kritik an den smarten Selbst\u00fcbersch\u00e4tzungen einer Moderne, die mit dem kl\u00e4glichen Einsturz der Finanzarchitektur ihre spekulative Seite nur noch einmal deutlicher offenbart hat. Der Ruteng\u00e4nger mit gesenktem oder, wie in den plastischen Studien, mit erhobenem Blick in die Wolken ist zugleich ein Romantiker. Er scheint ein Mann der Poesie zu sein, der die Wachwelt zum<\/p>\n\n\n\n<p>Tr\u00e4umen aufweckt, wie in Joseph von Eichendorffs Gedicht \u201eW\u00fcnschelrute\u201c von 1835: \u201eSchl\u00e4ft ein Lied in allen Dingen, \/ Die da tr\u00e4umen fort und fort. \/ Und die Welt hebt an zu singen, \/ Triffst du nur das Zauberwort.\u201c<\/p>\n\n\n\n<p>(Hans Rudolf Reust, Sammlungskatalog \u201eIM NORDEN\u201c, 2009)<\/p>\n","protected":false},"excerpt":{"rendered":"<p>Thomas Sch\u00fctte * 1954 in Oldenburg 1973 \u2013 1984 Studium an der Kunstakademie in D\u00fcsseldorf bei Fritz Schwegler und Gerhard Richter 1987 documenta VIII; Skulptur. Projekte M\u00fcnster 1992 documenta IX 1997 documenta X; Skulptur. Projekte M\u00fcnster vielfache Auszeichnungen, u. a. 2005 Auszeichnung mit dem Goldenen L\u00f6wen als bester K\u00fcnstler der Biennale Venedig 2007 Skulptur. Projekte [&hellip;]<\/p>\n","protected":false},"author":1,"featured_media":0,"parent":184,"menu_order":0,"comment_status":"closed","ping_status":"closed","template":"","meta":{"footnotes":""},"class_list":["post-560","page","type-page","status-publish","hentry"],"yoast_head":"<!-- This site is optimized with the Yoast SEO plugin v27.4 - https:\/\/yoast.com\/product\/yoast-seo-wordpress\/ -->\n<title>Thomas Sch\u00fctte - IM NORDEN - die Kunstsammlung der Landessparkasse zu Oldenburg<\/title>\n<meta name=\"robots\" content=\"index, follow, max-snippet:-1, max-image-preview:large, max-video-preview:-1\" \/>\n<link rel=\"canonical\" href=\"https:\/\/lzo-im-norden.de\/?page_id=560\" \/>\n<meta property=\"og:locale\" content=\"de_DE\" \/>\n<meta property=\"og:type\" content=\"article\" \/>\n<meta property=\"og:title\" content=\"Thomas Sch\u00fctte - IM NORDEN - die Kunstsammlung der Landessparkasse zu Oldenburg\" \/>\n<meta property=\"og:description\" content=\"Thomas Sch\u00fctte * 1954 in Oldenburg 1973 \u2013 1984 Studium an der Kunstakademie in D\u00fcsseldorf bei Fritz Schwegler und Gerhard Richter 1987 documenta VIII; Skulptur. Projekte M\u00fcnster 1992 documenta IX 1997 documenta X; Skulptur. Projekte M\u00fcnster vielfache Auszeichnungen, u. a. 2005 Auszeichnung mit dem Goldenen L\u00f6wen als bester K\u00fcnstler der Biennale Venedig 2007 Skulptur. Projekte [&hellip;]\" \/>\n<meta property=\"og:url\" content=\"https:\/\/lzo-im-norden.de\/?page_id=560\" \/>\n<meta property=\"og:site_name\" content=\"IM NORDEN - die Kunstsammlung der Landessparkasse zu Oldenburg\" \/>\n<meta property=\"og:image\" content=\"https:\/\/lzo-im-norden.de\/wp-content\/uploads\/2024\/05\/port-42.jpg\" \/>\n<meta name=\"twitter:card\" content=\"summary_large_image\" \/>\n<meta name=\"twitter:label1\" content=\"Gesch\u00e4tzte Lesezeit\" \/>\n\t<meta name=\"twitter:data1\" content=\"3\u00a0Minuten\" \/>\n<script type=\"application\/ld+json\" class=\"yoast-schema-graph\">{\"@context\":\"https:\\\/\\\/schema.org\",\"@graph\":[{\"@type\":\"WebPage\",\"@id\":\"https:\\\/\\\/lzo-im-norden.de\\\/?page_id=560\",\"url\":\"https:\\\/\\\/lzo-im-norden.de\\\/?page_id=560\",\"name\":\"Thomas Sch\u00fctte - IM NORDEN - die Kunstsammlung der Landessparkasse zu Oldenburg\",\"isPartOf\":{\"@id\":\"https:\\\/\\\/lzo-im-norden.de\\\/#website\"},\"primaryImageOfPage\":{\"@id\":\"https:\\\/\\\/lzo-im-norden.de\\\/?page_id=560#primaryimage\"},\"image\":{\"@id\":\"https:\\\/\\\/lzo-im-norden.de\\\/?page_id=560#primaryimage\"},\"thumbnailUrl\":\"https:\\\/\\\/lzo-im-norden.de\\\/wp-content\\\/uploads\\\/2024\\\/05\\\/port-42.jpg\",\"datePublished\":\"2024-05-13T07:35:31+00:00\",\"breadcrumb\":{\"@id\":\"https:\\\/\\\/lzo-im-norden.de\\\/?page_id=560#breadcrumb\"},\"inLanguage\":\"de\",\"potentialAction\":[{\"@type\":\"ReadAction\",\"target\":[\"https:\\\/\\\/lzo-im-norden.de\\\/?page_id=560\"]}]},{\"@type\":\"ImageObject\",\"inLanguage\":\"de\",\"@id\":\"https:\\\/\\\/lzo-im-norden.de\\\/?page_id=560#primaryimage\",\"url\":\"https:\\\/\\\/lzo-im-norden.de\\\/wp-content\\\/uploads\\\/2024\\\/05\\\/port-42.jpg\",\"contentUrl\":\"https:\\\/\\\/lzo-im-norden.de\\\/wp-content\\\/uploads\\\/2024\\\/05\\\/port-42.jpg\",\"width\":150,\"height\":198},{\"@type\":\"BreadcrumbList\",\"@id\":\"https:\\\/\\\/lzo-im-norden.de\\\/?page_id=560#breadcrumb\",\"itemListElement\":[{\"@type\":\"ListItem\",\"position\":1,\"name\":\"Startseite\",\"item\":\"https:\\\/\\\/lzo-im-norden.de\\\/\"},{\"@type\":\"ListItem\",\"position\":2,\"name\":\"Die K\u00fcnstler\",\"item\":\"https:\\\/\\\/lzo-im-norden.de\\\/?page_id=184\"},{\"@type\":\"ListItem\",\"position\":3,\"name\":\"Thomas Sch\u00fctte\"}]},{\"@type\":\"WebSite\",\"@id\":\"https:\\\/\\\/lzo-im-norden.de\\\/#website\",\"url\":\"https:\\\/\\\/lzo-im-norden.de\\\/\",\"name\":\"IM NORDEN - die Kunstsammlung der Landessparkasse zu Oldenburg\",\"description\":\"\",\"publisher\":{\"@id\":\"https:\\\/\\\/lzo-im-norden.de\\\/#organization\"},\"potentialAction\":[{\"@type\":\"SearchAction\",\"target\":{\"@type\":\"EntryPoint\",\"urlTemplate\":\"https:\\\/\\\/lzo-im-norden.de\\\/?s={search_term_string}\"},\"query-input\":{\"@type\":\"PropertyValueSpecification\",\"valueRequired\":true,\"valueName\":\"search_term_string\"}}],\"inLanguage\":\"de\"},{\"@type\":\"Organization\",\"@id\":\"https:\\\/\\\/lzo-im-norden.de\\\/#organization\",\"name\":\"IM NORDEN - die Kunstsammlung der Landessparkasse zu Oldenburg\",\"url\":\"https:\\\/\\\/lzo-im-norden.de\\\/\",\"logo\":{\"@type\":\"ImageObject\",\"inLanguage\":\"de\",\"@id\":\"https:\\\/\\\/lzo-im-norden.de\\\/#\\\/schema\\\/logo\\\/image\\\/\",\"url\":\"https:\\\/\\\/lzo-im-norden.de\\\/wp-content\\\/uploads\\\/2024\\\/05\\\/im-norden.png\",\"contentUrl\":\"https:\\\/\\\/lzo-im-norden.de\\\/wp-content\\\/uploads\\\/2024\\\/05\\\/im-norden.png\",\"width\":356,\"height\":105,\"caption\":\"IM NORDEN - die Kunstsammlung der Landessparkasse zu Oldenburg\"},\"image\":{\"@id\":\"https:\\\/\\\/lzo-im-norden.de\\\/#\\\/schema\\\/logo\\\/image\\\/\"}}]}<\/script>\n<!-- \/ Yoast SEO plugin. -->","yoast_head_json":{"title":"Thomas Sch\u00fctte - IM NORDEN - die Kunstsammlung der Landessparkasse zu Oldenburg","robots":{"index":"index","follow":"follow","max-snippet":"max-snippet:-1","max-image-preview":"max-image-preview:large","max-video-preview":"max-video-preview:-1"},"canonical":"https:\/\/lzo-im-norden.de\/?page_id=560","og_locale":"de_DE","og_type":"article","og_title":"Thomas Sch\u00fctte - IM NORDEN - die Kunstsammlung der Landessparkasse zu Oldenburg","og_description":"Thomas Sch\u00fctte * 1954 in Oldenburg 1973 \u2013 1984 Studium an der Kunstakademie in D\u00fcsseldorf bei Fritz Schwegler und Gerhard Richter 1987 documenta VIII; Skulptur. Projekte M\u00fcnster 1992 documenta IX 1997 documenta X; Skulptur. Projekte M\u00fcnster vielfache Auszeichnungen, u. a. 2005 Auszeichnung mit dem Goldenen L\u00f6wen als bester K\u00fcnstler der Biennale Venedig 2007 Skulptur. Projekte [&hellip;]","og_url":"https:\/\/lzo-im-norden.de\/?page_id=560","og_site_name":"IM NORDEN - die Kunstsammlung der Landessparkasse zu Oldenburg","og_image":[{"url":"https:\/\/lzo-im-norden.de\/wp-content\/uploads\/2024\/05\/port-42.jpg","type":"","width":"","height":""}],"twitter_card":"summary_large_image","twitter_misc":{"Gesch\u00e4tzte Lesezeit":"3\u00a0Minuten"},"schema":{"@context":"https:\/\/schema.org","@graph":[{"@type":"WebPage","@id":"https:\/\/lzo-im-norden.de\/?page_id=560","url":"https:\/\/lzo-im-norden.de\/?page_id=560","name":"Thomas Sch\u00fctte - IM NORDEN - die Kunstsammlung der Landessparkasse zu Oldenburg","isPartOf":{"@id":"https:\/\/lzo-im-norden.de\/#website"},"primaryImageOfPage":{"@id":"https:\/\/lzo-im-norden.de\/?page_id=560#primaryimage"},"image":{"@id":"https:\/\/lzo-im-norden.de\/?page_id=560#primaryimage"},"thumbnailUrl":"https:\/\/lzo-im-norden.de\/wp-content\/uploads\/2024\/05\/port-42.jpg","datePublished":"2024-05-13T07:35:31+00:00","breadcrumb":{"@id":"https:\/\/lzo-im-norden.de\/?page_id=560#breadcrumb"},"inLanguage":"de","potentialAction":[{"@type":"ReadAction","target":["https:\/\/lzo-im-norden.de\/?page_id=560"]}]},{"@type":"ImageObject","inLanguage":"de","@id":"https:\/\/lzo-im-norden.de\/?page_id=560#primaryimage","url":"https:\/\/lzo-im-norden.de\/wp-content\/uploads\/2024\/05\/port-42.jpg","contentUrl":"https:\/\/lzo-im-norden.de\/wp-content\/uploads\/2024\/05\/port-42.jpg","width":150,"height":198},{"@type":"BreadcrumbList","@id":"https:\/\/lzo-im-norden.de\/?page_id=560#breadcrumb","itemListElement":[{"@type":"ListItem","position":1,"name":"Startseite","item":"https:\/\/lzo-im-norden.de\/"},{"@type":"ListItem","position":2,"name":"Die K\u00fcnstler","item":"https:\/\/lzo-im-norden.de\/?page_id=184"},{"@type":"ListItem","position":3,"name":"Thomas Sch\u00fctte"}]},{"@type":"WebSite","@id":"https:\/\/lzo-im-norden.de\/#website","url":"https:\/\/lzo-im-norden.de\/","name":"IM NORDEN - die Kunstsammlung der Landessparkasse zu Oldenburg","description":"","publisher":{"@id":"https:\/\/lzo-im-norden.de\/#organization"},"potentialAction":[{"@type":"SearchAction","target":{"@type":"EntryPoint","urlTemplate":"https:\/\/lzo-im-norden.de\/?s={search_term_string}"},"query-input":{"@type":"PropertyValueSpecification","valueRequired":true,"valueName":"search_term_string"}}],"inLanguage":"de"},{"@type":"Organization","@id":"https:\/\/lzo-im-norden.de\/#organization","name":"IM NORDEN - die Kunstsammlung der Landessparkasse zu Oldenburg","url":"https:\/\/lzo-im-norden.de\/","logo":{"@type":"ImageObject","inLanguage":"de","@id":"https:\/\/lzo-im-norden.de\/#\/schema\/logo\/image\/","url":"https:\/\/lzo-im-norden.de\/wp-content\/uploads\/2024\/05\/im-norden.png","contentUrl":"https:\/\/lzo-im-norden.de\/wp-content\/uploads\/2024\/05\/im-norden.png","width":356,"height":105,"caption":"IM NORDEN - die Kunstsammlung der Landessparkasse zu Oldenburg"},"image":{"@id":"https:\/\/lzo-im-norden.de\/#\/schema\/logo\/image\/"}}]}},"_links":{"self":[{"href":"https:\/\/lzo-im-norden.de\/index.php?rest_route=\/wp\/v2\/pages\/560","targetHints":{"allow":["GET"]}}],"collection":[{"href":"https:\/\/lzo-im-norden.de\/index.php?rest_route=\/wp\/v2\/pages"}],"about":[{"href":"https:\/\/lzo-im-norden.de\/index.php?rest_route=\/wp\/v2\/types\/page"}],"author":[{"embeddable":true,"href":"https:\/\/lzo-im-norden.de\/index.php?rest_route=\/wp\/v2\/users\/1"}],"replies":[{"embeddable":true,"href":"https:\/\/lzo-im-norden.de\/index.php?rest_route=%2Fwp%2Fv2%2Fcomments&post=560"}],"version-history":[{"count":1,"href":"https:\/\/lzo-im-norden.de\/index.php?rest_route=\/wp\/v2\/pages\/560\/revisions"}],"predecessor-version":[{"id":561,"href":"https:\/\/lzo-im-norden.de\/index.php?rest_route=\/wp\/v2\/pages\/560\/revisions\/561"}],"up":[{"embeddable":true,"href":"https:\/\/lzo-im-norden.de\/index.php?rest_route=\/wp\/v2\/pages\/184"}],"wp:attachment":[{"href":"https:\/\/lzo-im-norden.de\/index.php?rest_route=%2Fwp%2Fv2%2Fmedia&parent=560"}],"curies":[{"name":"wp","href":"https:\/\/api.w.org\/{rel}","templated":true}]}}